t common factor of 935 and 450109.
187
Calculate the highest common factor of 9568 and 23724480.
416
Calculate the greatest common divisor of 239 and 32190671.
239
What is the greatest common factor of 48504912 and 72?
24
Calculate the greatest common factor of 713518 and 415740.
338
What is the highest common divisor of 179773961 and 73?
73
What is the highest common divisor of 7686 and 680391621?
3843
Calculate the highest common divisor of 45087 and 162183.
21
What is the highest common divisor of 417391 and 1612?
13
Calculate the highest common divisor of 1634332174 and 634.
634
Calculate the greatest common factor of 21648 and 991056.
528
Calculate the greatest common divisor of 1111020 and 6420.
60
What is the greatest common divisor of 862969 and 44599?
433
What is the greatest common divisor of 19175668 and 1742?
134
What is the greatest common divisor of 45356413 and 37?
37
What is the greatest common divisor of 23203666 and 27187?
877
Calculate the greatest common divisor of 12408 and 3993528.
264
What is the highest common divisor of 7956 and 199946214?
3978
Calculate the greatest common divisor of 283370114 and 446.
446
Calculate the greatest common divisor of 70544371 and 373.
373
What is the greatest common divisor of 534 and 29276817?
267
Calculate the greatest common divisor of 272 and 2829089.
17
Calculate the highest common factor of 42462238 and 42354.
4706
Calculate the highest common factor of 14850 and 3433050.
1350
What is the greatest common divisor of 239921 and 9174?
11
What is the greatest common factor of 1012 and 1415266820?
1012
What is the greatest common divisor of 4687 and 1295029?
109
Calculate the greatest common divisor of 428240427 and 69.
69
Calculate the greatest common factor of 492 and 1826902272.
492
What is the greatest common divisor of 601617 and 24?
3
What is the greatest common divisor of 1503505 and 1160?
145
Calculate the greatest common divisor of 18744741 and 9.
9
Calculate the highest common divisor of 1087116 and 2720.
68
What is the highest common factor of 1680268369 and 26?
13
Calculate the highest common factor of 2380 and 45625790.
1190
Calculate the highest common factor of 86355 and 27303.
57
What is the greatest common factor of 5724 and 19916658?
2862
Calculate the highest common divisor of 28892 and 508.
4
Calculate the greatest common divisor of 479640 and 3495.
15
Calculate the greatest common factor of 24220240 and 660.
220
What is the highest common factor of 72761787 and 29372?
7343
What is the greatest common factor of 2210 and 4052035?
1105
What is the highest common factor of 81972 and 876024?
828
What is the highest common factor of 7189638 and 18?
6
What is the highest common factor of 417 and 13787827?
139
What is the greatest common factor of 315 and 653805?
45
What is the highest common divisor of 236 and 1676147756?
236
Calculate the greatest common factor of 20917045 and 17005.
895
What is the highest common divisor of 207497 and 67?
1
What is the greatest common divisor of 5790 and 11725740?
30
Calculate the highest common divisor of 86857245 and 42039.
4671
Calculate the greatest common factor of 43538248 and 728.
104
Calculate the greatest common factor of 11855610 and 1833.
39
Calculate the highest common divisor of 282735824 and 5768.
5768
Calculate the greatest common factor of 3796 and 719576.
52
What is the greatest common divisor of 13874833 and 70?
7
Calculate the greatest common factor of 14672 and 233968.
112
Calculate the greatest common divisor of 4793898 and 5934.
258
Calculate the highest common factor of 57 and 3457065.
3
Calculate the highest common factor of 1903648 and 90592.
608
Calculate the greatest common factor of 767 and 74866103.
767
What is the highest common factor of 122571826 and 754?
26
Calculate the greatest common factor of 30 and 815492148.
6
What is the highest common factor of 42 and 8520526?
14
What is the highest common divisor of 532 and 2134460?
76
What is the highest common factor of 617277 and 2523?
3
Calculate the greatest common divisor of 7745369 and 133.
19
Calculate the greatest common divisor of 11538316 and 267.
89
What is the highest common divisor of 225 and 15938925?
75
What is the greatest common divisor of 234403 and 6194?
19
What is the greatest common factor of 754236 and 17388?
252
What is the greatest common factor of 5895 and 22404275?
655
What is the greatest common divisor of 8556 and 2182056?
276
Calculate the greatest common divisor of 5334 and 378530866.
1778
What is the highest common divisor of 10 and 667426?
2
What is the greatest common divisor of 18936 and 10522367?
263
What is the greatest common divisor of 297 and 2046249?
27
What is the highest common factor of 8802 and 12501?
27
Calculate the highest common factor of 597 and 348570589.
199
What is the highest common divisor of 15270 and 251094790?
5090
What is the highest common divisor of 171 and 41245542?
171
What is the greatest common factor of 4401 and 40608?
27
What is the highest common divisor of 12656 and 434520030?
1582
What is the greatest common divisor of 29949 and 257883?
201
Calculate the highest common divisor of 905138 and 25792.
806
What is the greatest common factor of 42885066 and 63?
21
Calculate the greatest common factor of 29554325 and 15.
5
Calculate the highest common factor of 128256 and 407647.
167
Calculate the highest common divisor of 16544298 and 96441.
3111
Calculate the highest common divisor of 1320500 and 23275.
475
What is the greatest common divisor of 10825236 and 1392?
348
What is the highest common divisor of 34259616 and 1269?
423
Calculate the greatest common divisor of 2521 and 55898133.
2521
Calculate the greatest common divisor of 232 and 567752.
8
Calculate the greatest common divisor of 202998 and 21528.
138
What is the greatest common divisor of 83196 and 1962?
18
Calculate the greatest common factor of 1177341164 and 188.
188
Calculate the highest common factor of 63153550 and 20.
10
What is the highest common factor of 21044 and 665479673?
5261
What is the highest common divisor of 1340820 and 24804?
468
Calculate the greatest common factor of 433871 and 72357.
271
What is the greatest common divisor of 30708927 and 333?
333
What is the highest common divisor of 13108938 and 102?
102
Calculate the highest common factor of 27548212 and 1426.
62
Calculate the greatest common divisor of 43185610 and 2210.
2210
What is the greatest common factor of 256704 and 286272?
1344
Calculate the highest common factor of 1538 and 33295393.
769
What is the greatest common divisor of 59768 and 3381480?
248
What is the highest common factor of 13 and 98564557?
13
Calculate the greatest common factor of 513 and 80330499.
171
Calculate the greatest common divisor of 3632482 and 122612.
406
What is the greatest common factor of 18122590 and 10?
10
What is the greatest common divisor of 2315025 and 96975?
225
Calculate the highest common factor of 16285433 and 215.
43
Calculate the highest common divisor of 395 and 72645240.
395
What is the highest common factor of 897 and 39553215?
897
What is the highest common divisor of 651 and 320197884?
93
Calculate the highest common factor of 115735 and 1791109.
293
Calculate the highest common divisor of 2934 and 14963237.
163
Calculate the greatest common divisor of 249840536 and 1012.
1012
What is the highest common divisor of 14031 and 7023?
3
What is the highest common divisor of 1187982 and 495132?
186
What is the highest common divisor of 127813 and 30587669?
6727
What is the greatest common divisor of 4602 and 939693?
177
Calculate the highest common factor of 6557996 and 5478.
166
What is the greatest common divisor of 67818 and 275336?
254
Calculate the highest common divisor of 5472444 and 180.
12
Calculate the highest common factor of 49748502 and 76092.
2238
What is the greatest common divisor of 117975 and 126748050?
10725
Calculate the greatest common factor of 22541082 and 204.
102
Calculate the greatest common divisor of 13258835 and 43990.
415
Calculate the highest common factor of 257120 and 403040.
160
What is the highest common factor of 21702168 and 1728?
216
What is the highest common factor of 222232600 and 50?
50
Calculate the highest common fac